{"id":172,"date":"2024-05-04T11:29:21","date_gmt":"2024-05-04T11:29:21","guid":{"rendered":"https:\/\/dsd.ghost.uem.mz\/?page_id=172"},"modified":"2024-05-04T11:29:21","modified_gmt":"2024-05-04T11:29:21","slug":"obras-de-referencia","status":"publish","type":"page","link":"https:\/\/dsd.uem.mz\/?page_id=172","title":{"rendered":"Obras de Refer\u00eancia"},"content":{"rendered":"\t\t<div data-elementor-type=\"wp-page\" data-elementor-id=\"172\" class=\"elementor elementor-172\">\n\t\t\t\t<div class=\"elementor-element elementor-element-9b18aee e-flex e-con-boxed e-con e-parent\" data-id=\"9b18aee\" data-element_type=\"container\" data-e-type=\"container\">\n\t\t\t\t\t<div class=\"e-con-inner\">\n\t\t\t\t<div class=\"elementor-element elementor-element-535435c elementor-widget elementor-widget-image\" data-id=\"535435c\" data-element_type=\"widget\" data-e-type=\"widget\" data-widget_type=\"image.default\">\n\t\t\t\t\t\t\t\t\t\t\t\t\t\t\t<img fetchpriority=\"high\" decoding=\"async\" width=\"1024\" height=\"234\" src=\"https:\/\/dsd.uem.mz\/wp-content\/uploads\/2024\/05\/im3-scaled-1-1024x234.jpg\" class=\"attachment-large size-large wp-image-102\" alt=\"\" srcset=\"https:\/\/dsd.uem.mz\/wp-content\/uploads\/2024\/05\/im3-scaled-1-1024x234.jpg 1024w, https:\/\/dsd.uem.mz\/wp-content\/uploads\/2024\/05\/im3-scaled-1-300x68.jpg 300w, https:\/\/dsd.uem.mz\/wp-content\/uploads\/2024\/05\/im3-scaled-1-768x175.jpg 768w, https:\/\/dsd.uem.mz\/wp-content\/uploads\/2024\/05\/im3-scaled-1-1536x350.jpg 1536w, https:\/\/dsd.uem.mz\/wp-content\/uploads\/2024\/05\/im3-scaled-1-2048x467.jpg 2048w\" sizes=\"(max-width: 1024px) 100vw, 1024px\" \/>\t\t\t\t\t\t\t\t\t\t\t\t\t\t\t<\/div>\n\t\t\t\t\t<\/div>\n\t\t\t\t<\/div>\n\t\t<div class=\"elementor-element elementor-element-0bc67de e-grid e-con-boxed e-con e-parent\" data-id=\"0bc67de\" data-element_type=\"container\" data-e-type=\"container\">\n\t\t\t\t\t<div class=\"e-con-inner\">\n\t\t\t\t<div class=\"elementor-element elementor-element-3403d45 elementor-position-top elementor-widget elementor-widget-image-box\" data-id=\"3403d45\" data-element_type=\"widget\" data-e-type=\"widget\" data-widget_type=\"image-box.default\">\n\t\t\t\t\t<div class=\"elementor-image-box-wrapper\"><figure class=\"elementor-image-box-img\"><img decoding=\"async\" width=\"1754\" height=\"2481\" src=\"https:\/\/dsd.uem.mz\/wp-content\/uploads\/2024\/04\/Logo-UEM-A3-01.png\" class=\"attachment-full size-full wp-image-15\" alt=\"\" srcset=\"https:\/\/dsd.uem.mz\/wp-content\/uploads\/2024\/04\/Logo-UEM-A3-01.png 1754w, https:\/\/dsd.uem.mz\/wp-content\/uploads\/2024\/04\/Logo-UEM-A3-01-212x300.png 212w, https:\/\/dsd.uem.mz\/wp-content\/uploads\/2024\/04\/Logo-UEM-A3-01-724x1024.png 724w, https:\/\/dsd.uem.mz\/wp-content\/uploads\/2024\/04\/Logo-UEM-A3-01-768x1086.png 768w, https:\/\/dsd.uem.mz\/wp-content\/uploads\/2024\/04\/Logo-UEM-A3-01-1086x1536.png 1086w, https:\/\/dsd.uem.mz\/wp-content\/uploads\/2024\/04\/Logo-UEM-A3-01-1448x2048.png 1448w\" sizes=\"(max-width: 1754px) 100vw, 1754px\" \/><\/figure><div class=\"elementor-image-box-content\"><h3 class=\"elementor-image-box-title\">Fontes de Informa\u00e7\u00e3o<\/h3><p class=\"elementor-image-box-description\">Navegue pelas diferentes fontes de informa\u00e7\u00e3o dispon\u00edveis na BECE e\n na Internet.<\/p><\/div><\/div>\t\t\t\t<\/div>\n\t\t\t\t<div class=\"elementor-element elementor-element-84f66bd elementor-position-top elementor-widget elementor-widget-image-box\" data-id=\"84f66bd\" data-element_type=\"widget\" data-e-type=\"widget\" data-widget_type=\"image-box.default\">\n\t\t\t\t\t<div class=\"elementor-image-box-wrapper\"><figure class=\"elementor-image-box-img\"><img decoding=\"async\" width=\"1754\" height=\"2481\" src=\"https:\/\/dsd.uem.mz\/wp-content\/uploads\/2024\/04\/Logo-UEM-A3-01.png\" class=\"attachment-full size-full wp-image-15\" alt=\"\" srcset=\"https:\/\/dsd.uem.mz\/wp-content\/uploads\/2024\/04\/Logo-UEM-A3-01.png 1754w, https:\/\/dsd.uem.mz\/wp-content\/uploads\/2024\/04\/Logo-UEM-A3-01-212x300.png 212w, https:\/\/dsd.uem.mz\/wp-content\/uploads\/2024\/04\/Logo-UEM-A3-01-724x1024.png 724w, https:\/\/dsd.uem.mz\/wp-content\/uploads\/2024\/04\/Logo-UEM-A3-01-768x1086.png 768w, https:\/\/dsd.uem.mz\/wp-content\/uploads\/2024\/04\/Logo-UEM-A3-01-1086x1536.png 1086w, https:\/\/dsd.uem.mz\/wp-content\/uploads\/2024\/04\/Logo-UEM-A3-01-1448x2048.png 1448w\" sizes=\"(max-width: 1754px) 100vw, 1754px\" \/><\/figure><div class=\"elementor-image-box-content\"><h3 class=\"elementor-image-box-title\">Bases de Dados<\/h3><p class=\"elementor-image-box-description\">Bases de dados de revistas cient\u00edficas e livros electr\u00f3nicos online.<\/p><\/div><\/div>\t\t\t\t<\/div>\n\t\t\t\t\t<\/div>\n\t\t\t\t<\/div>\n\t\t\t\t<\/div>\n\t\t","protected":false},"excerpt":{"rendered":"<p>Fontes de Informa\u00e7\u00e3o Navegue pelas diferentes fontes de informa\u00e7\u00e3o dispon\u00edveis na BECE e na Internet. Bases de Dados Bases de [&hellip;]<\/p>\n","protected":false},"author":1,"featured_media":0,"parent":0,"menu_order":0,"comment_status":"closed","ping_status":"closed","template":"","meta":{"site-sidebar-layout":"no-sidebar","site-content-layout":"","ast-site-content-layout":"full-width-container","site-content-style":"default","site-sidebar-style":"default","ast-global-header-display":"","ast-banner-title-visibility":"","ast-main-header-display":"","ast-hfb-above-header-display":"","ast-hfb-below-header-display":"","ast-hfb-mobile-header-display":"","site-post-title":"disabled","ast-breadcrumbs-content":"","ast-featured-img":"disabled","footer-sml-layout":"","ast-disable-related-posts":"","theme-transparent-header-meta":"","adv-header-id-meta":"","stick-header-meta":"","header-above-stick-meta":"","header-main-stick-meta":"","header-below-stick-meta":"","astra-migrate-meta-layouts":"default","ast-page-background-enabled":"default","ast-page-background-meta":{"desktop":{"background-color":"var(--ast-global-color-5)","background-image":"","background-repeat":"repeat","background-position":"center center","background-size":"auto","background-attachment":"scroll","background-type":"","background-media":"","overlay-type":"","overlay-color":"","overlay-opacity":"","overlay-gradient":""},"tablet":{"background-color":"","background-image":"","background-repeat":"repeat","background-position":"center center","background-size":"auto","background-attachment":"scroll","background-type":"","background-media":"","overlay-type":"","overlay-color":"","overlay-opacity":"","overlay-gradient":""},"mobile":{"background-color":"","background-image":"","background-repeat":"repeat","background-position":"center center","background-size":"auto","background-attachment":"scroll","background-type":"","background-media":"","overlay-type":"","overlay-color":"","overlay-opacity":"","overlay-gradient":""}},"ast-content-background-meta":{"desktop":{"background-color":"var(--ast-global-color-4)","background-image":"","background-repeat":"repeat","background-position":"center center","background-size":"auto","background-attachment":"scroll","background-type":"","background-media":"","overlay-type":"","overlay-color":"","overlay-opacity":"","overlay-gradient":""},"tablet":{"background-color":"var(--ast-global-color-4)","background-image":"","background-repeat":"repeat","background-position":"center center","background-size":"auto","background-attachment":"scroll","background-type":"","background-media":"","overlay-type":"","overlay-color":"","overlay-opacity":"","overlay-gradient":""},"mobile":{"background-color":"var(--ast-global-color-4)","background-image":"","background-repeat":"repeat","background-position":"center center","background-size":"auto","background-attachment":"scroll","background-type":"","background-media":"","overlay-type":"","overlay-color":"","overlay-opacity":"","overlay-gradient":""}},"footnotes":""},"class_list":["post-172","page","type-page","status-publish","hentry"],"_links":{"self":[{"href":"https:\/\/dsd.uem.mz\/index.php?rest_route=\/wp\/v2\/pages\/172","targetHints":{"allow":["GET"]}}],"collection":[{"href":"https:\/\/dsd.uem.mz\/index.php?rest_route=\/wp\/v2\/pages"}],"about":[{"href":"https:\/\/dsd.uem.mz\/index.php?rest_route=\/wp\/v2\/types\/page"}],"author":[{"embeddable":true,"href":"https:\/\/dsd.uem.mz\/index.php?rest_route=\/wp\/v2\/users\/1"}],"replies":[{"embeddable":true,"href":"https:\/\/dsd.uem.mz\/index.php?rest_route=%2Fwp%2Fv2%2Fcomments&post=172"}],"version-history":[{"count":0,"href":"https:\/\/dsd.uem.mz\/index.php?rest_route=\/wp\/v2\/pages\/172\/revisions"}],"wp:attachment":[{"href":"https:\/\/dsd.uem.mz\/index.php?rest_route=%2Fwp%2Fv2%2Fmedia&parent=172"}],"curies":[{"name":"wp","href":"https:\/\/api.w.org\/{rel}","templated":true}]}}